{"id":325,"date":"2024-09-24T12:28:18","date_gmt":"2024-09-24T12:28:18","guid":{"rendered":"https:\/\/coletagecorp.com\/?page_id=325"},"modified":"2024-09-24T12:47:51","modified_gmt":"2024-09-24T12:47:51","slug":"politicas-de-privacidad","status":"publish","type":"page","link":"https:\/\/coletagecorp.com\/?page_id=325","title":{"rendered":"Pol\u00edticas de Privacidad"},"content":{"rendered":"\t\t<div data-elementor-type=\"wp-page\" data-elementor-id=\"325\" class=\"elementor elementor-325\">\n\t\t\t\t\t\t<section class=\"elementor-section elementor-top-section elementor-element elementor-element-1b2ab821 elementor-section-boxed elementor-section-height-default elementor-section-height-default\" data-id=\"1b2ab821\" data-element_type=\"section\" data-settings=\"{&quot;background_background&quot;:&quot;classic&quot;,&quot;shape_divider_bottom&quot;:&quot;triangle&quot;,&quot;shape_divider_bottom_negative&quot;:&quot;yes&quot;}\">\n\t\t\t\t\t<div class=\"elementor-shape elementor-shape-bottom\" aria-hidden=\"true\" data-negative=\"true\">\n\t\t\t<svg xmlns=\"http:\/\/www.w3.org\/2000\/svg\" viewBox=\"0 0 1000 100\" preserveAspectRatio=\"none\">\n\t<path class=\"elementor-shape-fill\" d=\"M500.2,94.7L0,0v100h1000V0L500.2,94.7z\"\/>\n<\/svg>\t\t<\/div>\n\t\t\t\t\t<div class=\"elementor-container elementor-column-gap-default\">\n\t\t\t\t\t<div class=\"elementor-column elementor-col-100 elementor-top-column elementor-element elementor-element-f5c73d0\" data-id=\"f5c73d0\" data-element_type=\"column\">\n\t\t\t<div class=\"elementor-widget-wrap elementor-element-populated\">\n\t\t\t\t\t\t<section class=\"elementor-section elementor-inner-section elementor-element elementor-element-2c07474f elementor-section-boxed elementor-section-height-default elementor-section-height-default\" data-id=\"2c07474f\" data-element_type=\"section\">\n\t\t\t\t\t\t<div class=\"elementor-container elementor-column-gap-default\">\n\t\t\t\t\t<div class=\"elementor-column elementor-col-100 elementor-inner-column elementor-element elementor-element-5539cbce\" data-id=\"5539cbce\" data-element_type=\"column\">\n\t\t\t<div class=\"elementor-widget-wrap elementor-element-populated\">\n\t\t\t\t\t\t<div class=\"elementor-element elementor-element-82daf78 elementor-invisible elementor-widget elementor-widget-heading\" data-id=\"82daf78\" data-element_type=\"widget\" data-settings=\"{&quot;_animation&quot;:&quot;fadeInUp&quot;,&quot;_animation_delay&quot;:&quot;100&quot;}\" data-widget_type=\"heading.default\">\n\t\t\t\t<div class=\"elementor-widget-container\">\n\t\t\t\t\t<h1 class=\"elementor-heading-title elementor-size-default\">Pol\u00edticas de Privacidad<\/h1>\t\t\t\t<\/div>\n\t\t\t\t<\/div>\n\t\t\t\t<div class=\"elementor-element elementor-element-c6fbb90 animated-fast elementor-widget-divider--view-line elementor-invisible elementor-widget elementor-widget-divider\" data-id=\"c6fbb90\" data-element_type=\"widget\" data-settings=\"{&quot;_animation&quot;:&quot;zoomIn&quot;,&quot;_animation_delay&quot;:&quot;600&quot;}\" data-widget_type=\"divider.default\">\n\t\t\t\t<div class=\"elementor-widget-container\">\n\t\t\t\t\t\t\t<div class=\"elementor-divider\">\n\t\t\t<span class=\"elementor-divider-separator\">\n\t\t\t\t\t\t<\/span>\n\t\t<\/div>\n\t\t\t\t\t\t<\/div>\n\t\t\t\t<\/div>\n\t\t\t\t\t<\/div>\n\t\t<\/div>\n\t\t\t\t\t<\/div>\n\t\t<\/section>\n\t\t\t\t\t<\/div>\n\t\t<\/div>\n\t\t\t\t\t<\/div>\n\t\t<\/section>\n\t\t\t\t<section class=\"elementor-section elementor-top-section elementor-element elementor-element-7732ca26 elementor-reverse-mobile elementor-section-boxed elementor-section-height-default elementor-section-height-default\" data-id=\"7732ca26\" data-element_type=\"section\" data-settings=\"{&quot;background_background&quot;:&quot;classic&quot;}\">\n\t\t\t\t\t\t<div class=\"elementor-container elementor-column-gap-default\">\n\t\t\t\t\t<div class=\"elementor-column elementor-col-100 elementor-top-column elementor-element elementor-element-3ea7bf66\" data-id=\"3ea7bf66\" data-element_type=\"column\">\n\t\t\t<div class=\"elementor-widget-wrap elementor-element-populated\">\n\t\t\t\t\t\t<div class=\"elementor-element elementor-element-6e0054d elementor-widget elementor-widget-heading\" data-id=\"6e0054d\" data-element_type=\"widget\" data-widget_type=\"heading.default\">\n\t\t\t\t<div class=\"elementor-widget-container\">\n\t\t\t\t\t<h4 class=\"elementor-heading-title elementor-size-default\">1. Introducci\u00f3n<\/h4>\t\t\t\t<\/div>\n\t\t\t\t<\/div>\n\t\t\t\t<div class=\"elementor-element elementor-element-928eb9c elementor-widget elementor-widget-text-editor\" data-id=\"928eb9c\" data-element_type=\"widget\" data-widget_type=\"text-editor.default\">\n\t\t\t\t<div class=\"elementor-widget-container\">\n\t\t\t\t\t\t\t\t\t<p>En COLETAGE RS COMMODITIES CORP, nos comprometemos a proteger la privacidad y seguridad de la informaci\u00f3n personal que usted nos proporciona al interactuar con nuestro sitio web. Esta pol\u00edtica de privacidad describe c\u00f3mo recopilamos, utilizamos, y protegemos su informaci\u00f3n cuando visita nuestro sitio, realiza consultas o participa en nuestras actividades relacionadas con la comercializaci\u00f3n de commodities como combustibles, granos, alimentos y minerales.<\/p>\t\t\t\t\t\t\t\t<\/div>\n\t\t\t\t<\/div>\n\t\t\t\t<div class=\"elementor-element elementor-element-01594fe elementor-widget elementor-widget-heading\" data-id=\"01594fe\" data-element_type=\"widget\" data-widget_type=\"heading.default\">\n\t\t\t\t<div class=\"elementor-widget-container\">\n\t\t\t\t\t<h4 class=\"elementor-heading-title elementor-size-default\">2. Informaci\u00f3n que Recopilamos<\/h4>\t\t\t\t<\/div>\n\t\t\t\t<\/div>\n\t\t\t\t<div class=\"elementor-element elementor-element-6b8f47f elementor-widget elementor-widget-text-editor\" data-id=\"6b8f47f\" data-element_type=\"widget\" data-widget_type=\"text-editor.default\">\n\t\t\t\t<div class=\"elementor-widget-container\">\n\t\t\t\t\t\t\t\t\t<p><span style=\"color: #ffffff; white-space-collapse: preserve;\">Recopilamos varios tipos de informaci\u00f3n, incluyendo: <\/span><\/p><ul><li><span style=\"color: #ffffff; white-space-collapse: preserve;\">Datos personales: Nombre, direcci\u00f3n de correo electr\u00f3nico, n\u00famero de tel\u00e9fono y otra informaci\u00f3n de contacto que proporcione voluntariamente a trav\u00e9s de formularios en el sitio. <\/span><\/li><li><span style=\"color: #ffffff; white-space-collapse: preserve;\">Datos de uso: Informaci\u00f3n acerca de c\u00f3mo navega por nuestro sitio, como direcciones IP, tipo de navegador, tiempo de acceso, p\u00e1ginas visitadas y otros datos t\u00e9cnicos. <\/span><\/li><li><span style=\"color: #ffffff; white-space-collapse: preserve;\">Cookies: Utilizamos cookies para mejorar la experiencia del usuario y analizar el tr\u00e1fico del sitio. Usted puede optar por rechazar o aceptar las cookies a trav\u00e9s de su navegador. <\/span><\/li><\/ul>\t\t\t\t\t\t\t\t<\/div>\n\t\t\t\t<\/div>\n\t\t\t\t<div class=\"elementor-element elementor-element-388a084 elementor-widget elementor-widget-heading\" data-id=\"388a084\" data-element_type=\"widget\" data-widget_type=\"heading.default\">\n\t\t\t\t<div class=\"elementor-widget-container\">\n\t\t\t\t\t<h4 class=\"elementor-heading-title elementor-size-default\">3. Uso de la Informaci\u00f3n<\/h4>\t\t\t\t<\/div>\n\t\t\t\t<\/div>\n\t\t\t\t<div class=\"elementor-element elementor-element-943d661 elementor-widget elementor-widget-text-editor\" data-id=\"943d661\" data-element_type=\"widget\" data-widget_type=\"text-editor.default\">\n\t\t\t\t<div class=\"elementor-widget-container\">\n\t\t\t\t\t\t\t\t\t<p>La informaci\u00f3n recopilada se utiliza para:<\/p><ul><li>Facilitar la interacci\u00f3n con nuestros servicios de comercializaci\u00f3n de commodities.<\/li><li>Proveer respuestas a consultas o solicitudes de cotizaci\u00f3n de productos.<\/li><li>Mantener comunicaci\u00f3n con usted respecto a actualizaciones, nuevos productos y servicios relacionados con combustibles, granos, minerales, y otros commodities.<\/li><li>Analizar y mejorar nuestro sitio web para ofrecer una experiencia de usuario m\u00e1s eficiente y personalizada.<\/li><\/ul>\t\t\t\t\t\t\t\t<\/div>\n\t\t\t\t<\/div>\n\t\t\t\t<div class=\"elementor-element elementor-element-7cb165d elementor-widget elementor-widget-heading\" data-id=\"7cb165d\" data-element_type=\"widget\" data-widget_type=\"heading.default\">\n\t\t\t\t<div class=\"elementor-widget-container\">\n\t\t\t\t\t<h4 class=\"elementor-heading-title elementor-size-default\">4. Compartir Informaci\u00f3n con Terceros\n<\/h4>\t\t\t\t<\/div>\n\t\t\t\t<\/div>\n\t\t\t\t<div class=\"elementor-element elementor-element-c7d7dda elementor-widget elementor-widget-text-editor\" data-id=\"c7d7dda\" data-element_type=\"widget\" data-widget_type=\"text-editor.default\">\n\t\t\t\t<div class=\"elementor-widget-container\">\n\t\t\t\t\t\t\t\t\t<p>Solo compartiremos su informaci\u00f3n con terceros en los siguientes casos:<\/p><ul><li>Cuando sea necesario para cumplir con las obligaciones contractuales (ej. env\u00edo de productos).<\/li><li>Para cumplir con regulaciones legales o en respuesta a solicitudes gubernamentales.<\/li><li>Con proveedores de servicios que ayudan a operar el sitio y ofrecer nuestros servicios de manera eficiente, bajo estrictas pol\u00edticas de confidencialidad.<\/li><\/ul>\t\t\t\t\t\t\t\t<\/div>\n\t\t\t\t<\/div>\n\t\t\t\t<div class=\"elementor-element elementor-element-43b3008 elementor-widget elementor-widget-heading\" data-id=\"43b3008\" data-element_type=\"widget\" data-widget_type=\"heading.default\">\n\t\t\t\t<div class=\"elementor-widget-container\">\n\t\t\t\t\t<h4 class=\"elementor-heading-title elementor-size-default\">5. Seguridad de los Datos\n<\/h4>\t\t\t\t<\/div>\n\t\t\t\t<\/div>\n\t\t\t\t<div class=\"elementor-element elementor-element-ffc6086 elementor-widget elementor-widget-text-editor\" data-id=\"ffc6086\" data-element_type=\"widget\" data-widget_type=\"text-editor.default\">\n\t\t\t\t<div class=\"elementor-widget-container\">\n\t\t\t\t\t\t\t\t\t<p>Nos tomamos muy en serio la protecci\u00f3n de su informaci\u00f3n. Implementamos medidas de seguridad administrativas, t\u00e9cnicas y f\u00edsicas para proteger su informaci\u00f3n personal frente a accesos no autorizados, p\u00e9rdidas o alteraciones.<\/p>\t\t\t\t\t\t\t\t<\/div>\n\t\t\t\t<\/div>\n\t\t\t\t<div class=\"elementor-element elementor-element-a6311b2 elementor-widget elementor-widget-heading\" data-id=\"a6311b2\" data-element_type=\"widget\" data-widget_type=\"heading.default\">\n\t\t\t\t<div class=\"elementor-widget-container\">\n\t\t\t\t\t<h4 class=\"elementor-heading-title elementor-size-default\">6. Retenci\u00f3n de Datos\n<\/h4>\t\t\t\t<\/div>\n\t\t\t\t<\/div>\n\t\t\t\t<div class=\"elementor-element elementor-element-884fe03 elementor-widget elementor-widget-text-editor\" data-id=\"884fe03\" data-element_type=\"widget\" data-widget_type=\"text-editor.default\">\n\t\t\t\t<div class=\"elementor-widget-container\">\n\t\t\t\t\t\t\t\t\t<p>Solo conservaremos su informaci\u00f3n personal durante el tiempo necesario para cumplir con los prop\u00f3sitos descritos en esta pol\u00edtica o seg\u00fan lo requiera la ley.<\/p>\t\t\t\t\t\t\t\t<\/div>\n\t\t\t\t<\/div>\n\t\t\t\t<div class=\"elementor-element elementor-element-10397ad elementor-widget elementor-widget-heading\" data-id=\"10397ad\" data-element_type=\"widget\" data-widget_type=\"heading.default\">\n\t\t\t\t<div class=\"elementor-widget-container\">\n\t\t\t\t\t<h4 class=\"elementor-heading-title elementor-size-default\">7. Sus Derechos\n<\/h4>\t\t\t\t<\/div>\n\t\t\t\t<\/div>\n\t\t\t\t<div class=\"elementor-element elementor-element-918f100 elementor-widget elementor-widget-text-editor\" data-id=\"918f100\" data-element_type=\"widget\" data-widget_type=\"text-editor.default\">\n\t\t\t\t<div class=\"elementor-widget-container\">\n\t\t\t\t\t\t\t\t\t<p>Usted tiene derecho a:<\/p><ul><li>Acceder, corregir o eliminar la informaci\u00f3n personal que hemos recopilado sobre usted.<\/li><li>Retirar su consentimiento para el tratamiento de sus datos en cualquier momento.<\/li><li>Solicitar que no utilicemos su informaci\u00f3n para fines de marketing.<\/li><li>Para ejercer estos derechos, puede contactarnos a: info@coletagecorp.com<\/li><\/ul>\t\t\t\t\t\t\t\t<\/div>\n\t\t\t\t<\/div>\n\t\t\t\t<div class=\"elementor-element elementor-element-8583822 elementor-widget elementor-widget-heading\" data-id=\"8583822\" data-element_type=\"widget\" data-widget_type=\"heading.default\">\n\t\t\t\t<div class=\"elementor-widget-container\">\n\t\t\t\t\t<h4 class=\"elementor-heading-title elementor-size-default\">8. Cambios a esta Pol\u00edtica<\/h4>\t\t\t\t<\/div>\n\t\t\t\t<\/div>\n\t\t\t\t<div class=\"elementor-element elementor-element-82bf17a elementor-widget elementor-widget-text-editor\" data-id=\"82bf17a\" data-element_type=\"widget\" data-widget_type=\"text-editor.default\">\n\t\t\t\t<div class=\"elementor-widget-container\">\n\t\t\t\t\t\t\t\t\t<p>Nos reservamos el derecho de modificar esta pol\u00edtica de privacidad en cualquier momento. Cualquier cambio ser\u00e1 publicado en esta p\u00e1gina y, si es necesario, le notificaremos a trav\u00e9s de otros medios.<\/p>\t\t\t\t\t\t\t\t<\/div>\n\t\t\t\t<\/div>\n\t\t\t\t<div class=\"elementor-element elementor-element-b31b5b0 elementor-widget elementor-widget-heading\" data-id=\"b31b5b0\" data-element_type=\"widget\" data-widget_type=\"heading.default\">\n\t\t\t\t<div class=\"elementor-widget-container\">\n\t\t\t\t\t<h4 class=\"elementor-heading-title elementor-size-default\">9. Contacto\n<\/h4>\t\t\t\t<\/div>\n\t\t\t\t<\/div>\n\t\t\t\t<div class=\"elementor-element elementor-element-cb8a2e2 elementor-widget elementor-widget-text-editor\" data-id=\"cb8a2e2\" data-element_type=\"widget\" data-widget_type=\"text-editor.default\">\n\t\t\t\t<div class=\"elementor-widget-container\">\n\t\t\t\t\t\t\t\t\t<p>Si tiene alguna pregunta sobre esta pol\u00edtica de privacidad o el manejo de sus datos, puede contactarnos a: info@coletagecorp.com<\/p>\t\t\t\t\t\t\t\t<\/div>\n\t\t\t\t<\/div>\n\t\t\t\t\t<\/div>\n\t\t<\/div>\n\t\t\t\t\t<\/div>\n\t\t<\/section>\n\t\t\t\t<\/div>\n\t\t","protected":false},"excerpt":{"rendered":"<p>Pol\u00edticas de Privacidad 1. Introducci\u00f3n En COLETAGE RS COMMODITIES CORP, nos comprometemos a proteger la privacidad y seguridad de la informaci\u00f3n personal que usted nos proporciona al interactuar con nuestro sitio web. Esta pol\u00edtica de privacidad describe c\u00f3mo recopilamos, utilizamos, y protegemos su informaci\u00f3n cuando visita nuestro sitio, realiza consultas o participa en nuestras actividades [&hellip;]<\/p>\n","protected":false},"author":1,"featured_media":0,"parent":0,"menu_order":0,"comment_status":"closed","ping_status":"closed","template":"elementor_header_footer","meta":{"footnotes":""},"class_list":["post-325","page","type-page","status-publish","hentry"],"_links":{"self":[{"href":"https:\/\/coletagecorp.com\/index.php?rest_route=\/wp\/v2\/pages\/325","targetHints":{"allow":["GET"]}}],"collection":[{"href":"https:\/\/coletagecorp.com\/index.php?rest_route=\/wp\/v2\/pages"}],"about":[{"href":"https:\/\/coletagecorp.com\/index.php?rest_route=\/wp\/v2\/types\/page"}],"author":[{"embeddable":true,"href":"https:\/\/coletagecorp.com\/index.php?rest_route=\/wp\/v2\/users\/1"}],"replies":[{"embeddable":true,"href":"https:\/\/coletagecorp.com\/index.php?rest_route=%2Fwp%2Fv2%2Fcomments&post=325"}],"version-history":[{"count":21,"href":"https:\/\/coletagecorp.com\/index.php?rest_route=\/wp\/v2\/pages\/325\/revisions"}],"predecessor-version":[{"id":354,"href":"https:\/\/coletagecorp.com\/index.php?rest_route=\/wp\/v2\/pages\/325\/revisions\/354"}],"wp:attachment":[{"href":"https:\/\/coletagecorp.com\/index.php?rest_route=%2Fwp%2Fv2%2Fmedia&parent=325"}],"curies":[{"name":"wp","href":"https:\/\/api.w.org\/{rel}","templated":true}]}}